57. Let u = -11 + g. Suppose -u*n = -12*n + 234. Is n prime?
False
Let q = -3827 - -7466. Suppose 153*o + q = 156*o. Is o prime?
True
Suppose -3*z = -3*r - 0*r - 5487, 0 = 4*z + 3*r - 7309. Suppose -d - 2*n = -3*n + 2, 0 = 4*d - n + 2. Suppose 4*f = -d*f + z. Is f a composite number?
False
Is (-8)/5 - (-8)/(-40)*-3094003 a prime number?
True
Let n(u) = -30*u - 19. Let c be ((-2)/2)/(-7 - (-144)/20). Is n(c) a composite number?
False
Suppose -120306706 = -359*g - 3689505. Is g a prime number?
True
Let x be (12/12)/((21/18)/7). Suppose 7*u = 5*n + x*u - 26650, 21304 = 4*n - 4*u. Is n prime?
False
Let a = 965312 + -438483. Is a composite?
False
Is (11362 - 0) + (51 - 9)/6 a prime number?
True
Let d(r) = 7*r**2 + 18*r + 6. Let i be ((-43)/3)/((-3)/9). Let g = 56 - i. Is d(g) composite?
False
Is ((-37379)/(-3))/(141/423) prime?
True
Let i be 544/(-1) + (-8)/(-12)*3. Let v = 908 - i. Suppose -l - 479 = -v. Is l composite?
False
Let c be (-3)/(-6) + -2 + (-6)/(-4). Let z(v) = -v**2 + 6*v + 853. Is z(c) a composite number?
False
Let x = 1983 - -912. Suppose 11714 + 15410 = 4*q + 5*w, -2*w + 6778 = q. Let i = q - x. Is i a composite number?
True
Let d = 2845 + 516. Suppose -302 = 4*n - 25826. Suppose -5*y + w = -n - 2089, -5*w + d = 2*y. Is y a prime number?
True
Let s(d) = -54*d**3 - d**2 - 7*d - 5. Let u = -7 - -4. Let t be 4/(u - 1) + -2. Is s(t) a composite number?
True
Let s(c) = 38*c - 133. Let o be s(4). Suppose -13818 = -o*m + 152299. Is m a prime number?
False
Let j(k) be the third derivative of -k**6/40 - k**5/30 + 43*k**4/24 + 3*k**3/2 + 2*k**2 - 43*k. Is j(-8) a prime number?
False
Let h(d) = -72*d**3 - d**2 - 36*d + 274. Is h(-9) a composite number?
True
Let a = -2998 + 1230. Let i = 2657 + a. Is i composite?
True
Suppose -2*l - 3*c + 68 = 0, l + 6*c - 44 = 2*c. Is ((-3)/(18/l))/(2/(-7509)) composite?
True
Let f = 267 - 269. Is 639940/224 - (34/(-16) - f) prime?
True
Is (134/(-6))/(-28 - 3649525/(-130341)) a prime number?
False
Suppose -a + 40 = 3*c, -8 = -c - 6*a + 3*a. Suppose c*t - 479 = 13*t. Is t prime?
True
Suppose 15*q = 7977815 + 2445472 - 2779242. Is q a composite number?
False
Let b be (-10 - -1)/((-90)/150). Suppose -16673 = -b*x + 15742. Is x a composite number?
False
Let o be (7/(14/20))/(3 + -5). Let i(v) = 144*v + 14. Let w(a) = -72*a - 7. Let b(n) = 3*i(n) + 7*w(n). Is b(o) composite?
False
Let r = 149 - -104. Suppose 260*x = r*x + 2534. Is x a composite number?
True
Suppose 5*l = 81*j - 79*j - 52928, -j + 5*l + 26469 = 0. Is j a prime number?
True
Let m = 3797 + 217. Suppose 130*o = 124*o + m. Is o composite?
True
Let s = -17884 - -106419. Is s prime?
False
Suppose -k + 4*u = 13, k + 3*u = 4*k + 3. Let g be (-1 - k/3) + 4. Suppose -a = -g*a + 1657. Is a a prime number?
True
Suppose -2*o - r = -o - 2854, -4*o = -r - 11411. Let f = -22 - -39. Suppose -f*l + o = -8*l. Is l composite?
False
Suppose -212 + 32 = -18*o. Suppose 33 = o*a - 1237. Is a a prime number?
True
Let w(f) = -2*f + 26. Let b be w(-16). Let i = -52 + b. Suppose 4*z + 554 = i*z. Is z composite?
False
Suppose -5*a = 3*w - 27, -2*w - 2*a + 5 = -9. Suppose -2*k + 53588 = 3*z - w*k, -3*k - 53586 = -3*z. Suppose 8*c + 4128 = z. Is c a prime number?
False
Let o = 266 + -262. Suppose -2*n = -o*w - n + 13111, 4*w - 2*n - 13114 = 0. Is w a composite number?
True
Let s be (-24)/20*10/(-4). Suppose q - 5*g - 14 = -2*g, -s*q + 4*g = -22. Suppose 4*k - q = 134. Is k a composite number?
True
Let k(q) = q**3 - 27*q**2 + 51*q - 101. Let m be k(41). Let h = -4169 + m. Is h prime?
False
Let i = 30406 - 1977. Is i a composite number?
False
Suppose -54*v + 15560304 = -12*v + 5220450. Is v prime?
True
Let a = -13 - 9. Let f = a + 33. Suppose -3*u = -f*u + 9304. Is u prime?
True
Suppose 625869 = 25*m + 218494. Is 1/(32595/m + -2) composite?
False
Suppose 0*o - 2*o = 3*d + 29941, 49909 = -5*d + 4*o. Let m = -6704 - d. Is m a composite number?
True
Let s(b) be the third derivative of b**5/60 - b**4/2 + 16*b**3/3 - 5*b**2. Let d be s(6). Is d/26 - (-9327)/39 a composite number?
False
Suppose 0 = -2466*f + 2468*f + u - 7826691, 0 = -2*u + 10. Is f composite?
True
Let q be (5/(30/8042))/(5/(-15)). Let x = -140 - q. Is x prime?
True
Let j(t) = -t**3 - 3*t**2 - 3*t - 3. Let w be j(-2). Is (11/(-11))/((-420)/(-422) + w) composite?
False
Suppose 30 = -13*k + 3*k. Let m be (-3 - k/1)*-1 + 3. Is 94*(-393)/(-18) - 4/m prime?
False
Let s = -47 + 52. Suppose -s*i - 6579 = -2*d, -5*d + i + 16520 = 3*i. Suppose -r = r - d. Is r a prime number?
False
Let o(y) = 28*y**3 - y**2 - 13*y - 11. Suppose 4*q = -4*r + 32, 5*r - 3*r + 5*q = 22. Is o(r) a prime number?
True
Let u(j) = -246*j - 60. Let f be u(41). Let z = -700 - f. Is z prime?
False
Let z = 1027234 + -590915. Is z a composite number?
True
Suppose 8*y - 4*y + 2*u - 2 = 0, -5*u - 23 = -4*y. Suppose -2*m = -0*a + 2*a - 22, -5*m + 48 = -y*a. Suppose m*x - 1399 = 9*x. Is x composite?
False
Is (-9 + (-171)/(-18))*23198 prime?
False
Suppose r + 11 = 5. Let b(t) = -12*t**3 + 3*t**2 - 5*t - 25. Is b(r) a prime number?
False
Suppose 0*w - 4476 = 4*w. Let t = w + 3561. Suppose -8*r + 16702 + t = 0. Is r composite?
False
Suppose -4*h = 3*z + 412, -z - 208 = 4*h - 60. Let p be (-2)/(-4) - z/(-24). Let o(j) = -851*j - 42. Is o(p) a composite number?
True
Let l(f) = 11*f + 57149. Is l(0) composite?
False
Suppose 778847 = 17*m - 954583 + 438489. Is m a prime number?
False
Suppose -2 = 3*w + 1. Let j(r) = 0 + 15*r - 387*r - 75*r - 2. Is j(w) a composite number?
True
Let n be (7 - 16 - -48395)/(-2 - -1). Let s = 87091 + n. Is s a composite number?
True
Let g = 6673 - 4473. Let m = 4359 - g. Is m a composite number?
True
Let j be (1 + 18 + 0/(-6))*1. Let c = 46 - j. Suppose -184 = -a + c. Is a a prime number?
True
Suppose 0*a = 2*a + 2, 195 = 3*u - 3*a. Let m be (-16)/u - (-50)/8. Suppose -m*x = -t - 4*x + 2125, 8526 = 4*t + 5*x. Is t a composite number?
False
Let s = 2215 + 27258. Is s a prime number?
True
Let t = 195 - 51. Suppose -6252 + t = -12*p. Is p a composite number?
False
Suppose 1843*f - 1824*f = 23731. Is f prime?
True
Suppose -4*c + 2*c = -20. Suppose -4*z = z - c. Is (3/z)/((-48)/(-9376)) composite?
False
Suppose 0 = 3*c + 2*r - 615183, 410153 = 97*c - 95*c - 9*r. Is c prime?
True
Suppose 2*s = -5*f + 3*s + 9506, 0 = 5*f + 4*s - 9501. Is f prime?
True
Suppose -15 = -3*b + 69. Suppose -621 = -a - b. Is a a composite number?
False
Let v = -72114 - -104411. Is v composite?
False
Let r be 130/(-39)*6/(-4). Suppose 0*q + 3*q = 2*i - 1277, -2*q = r*i - 3145. Is i prime?
True
Suppose -20 = 4*k - y, -4*k + y - 4 = 4*y. Is 75*86 - k - 5 composite?
False
Let v(f) = 137*f**2 + 16*f + 109. Let h(j) = 13*j - 296. Let t be h(22). Is v(t) prime?
True
Suppose 0 = -h - 3*i + 100625, 4*h - 402444 = -29*i + 31*i. Is h a prime number?
True
Let c(y) = 3194*y + 4087. Is c(143) composite?
False
Suppose 2*b - 3*y - 99124 = 0, 5*b + 73660 = -y + 321453. Is b a prime number?
True
Suppose -19*w + 15240 = -246067. Is w prime?
False
Let n be 19260/(-27)*(-60)/(-25). Let o = -1005 - n. Is o a prime number?
False
Suppose 37*d - 133 = 126. Suppose -d*t + 372603 - 58898 = 0. Is t composite?
True
Suppose 38*a = 2858 + 7174. Let k = 557 - a. Is k a composite number?
False
Is 10/(-110) + 1737486/33 a composite number?
True
Suppose 22*w - 47414382 = -36*w + 14187824. Is w a composite number?
False
Suppose -107*d = -76*d - 17869733. Is d composite?
True
Let i(v) = 209*v**2 - 4*v + 4. Let h be i(1). Let f = -41 + h. Let g = f + -65. Is g prime?
True
Let p = -10328 + 10334. Let y(x) = -x**2 - 1. Let b(d) = 25*d**3 - 2*d**2 - 6*d - 5. Let l(u) = b(u) - 4*y(u). Is l(p) a prime number?
False
Suppose 18 = 2*i - 4*i. Let m(s) = -4*s**3 - 192192 + 2*s**3 - 5*s - 12*s**2 + 192218. Is m(i) composite?
False
Suppose -2*w + 2*a + 580916 = -873234, -3*w = 10*a - 2181147. Is w composite?
True
Suppose -5*v + 5 = 0, 13*v = 3*h + 17*v + 17. Is 3643 - ((-1)/2)/(h/56) prime?
False
Let t be (6/15 + (-195)/50)*-34. Let y be t/34*24/14. Suppose -j = -y*z + 2*z - 1371, 5*j = 5*z + 6825. Is j a prime number?
False
Let b(h) = 2546*h + 4171. Is b(21) composite?
False
Let u = -139 + 144. Suppose 5*t - 53215 = u*j, t + j - 10635 = -0*j. Is t a prime number?
True
Let p = 1442 - 120. Let r = 1976 - p. Suppose 